{"id":23,"date":"2024-01-09T12:17:51","date_gmt":"2024-01-09T12:17:51","guid":{"rendered":"https:\/\/sinticaba.pt\/?page_id=23"},"modified":"2024-01-09T12:17:54","modified_gmt":"2024-01-09T12:17:54","slug":"codigos","status":"publish","type":"page","link":"https:\/\/sinticaba.pt\/index.php\/codigos\/","title":{"rendered":"C\u00f3digos"},"content":{"rendered":"\n<p>C\u00f3digo de trabalho<br><a href=\"https:\/\/diariodarepublica.pt\/dr\/legislacao-consolidada\/lei\/2009-34546475\">https:\/\/diariodarepublica.pt\/dr\/legislacao-consolidada\/lei\/2009-34546475<\/a><\/p>\n\n\n\n<p>C\u00f3digo Civil<br><a href=\"https:\/\/diariodarepublica.pt\/dr\/legislacao-consolidada\/decreto-lei\/1966-34509075\">https:\/\/diariodarepublica.pt\/dr\/legislacao-consolidada\/decreto-lei\/1966-34509075<\/a><\/p>\n\n\n\n<p>C\u00f3digo Penal<br><a href=\"https:\/\/diariodarepublica.pt\/dr\/legislacao-consolidada\/decreto-lei\/1995-34437675\">https:\/\/diariodarepublica.pt\/dr\/legislacao-consolidada\/decreto-lei\/1995-34437675<\/a><\/p>\n\n\n\n<p>C\u00f3digo da Estrada<br><a href=\"https:\/\/diariodarepublica.pt\/dr\/legislacao-consolidada\/lei\/2013-116041830\">https:\/\/diariodarepublica.pt\/dr\/legislacao-consolidada\/lei\/2013-116041830<\/a><\/p>\n","protected":false},"excerpt":{"rendered":"<p>C\u00f3digo de trabalhohttps:\/\/diariodarepublica.pt\/dr\/legislacao-consolidada\/lei\/2009-34546475 C\u00f3digo Civilhttps:\/\/diariodarepublica.pt\/dr\/legislacao-consolidada\/decreto-lei\/1966-34509075 C\u00f3digo Penalhttps:\/\/diariodarepublica.pt\/dr\/legislacao-consolidada\/decreto-lei\/1995-34437675 C\u00f3digo da Estradahttps:\/\/diariodarepublica.pt\/dr\/legislacao-consolidada\/lei\/2013-116041830<\/p>\n","protected":false},"author":1,"featured_media":0,"parent":0,"menu_order":0,"comment_status":"closed","ping_status":"closed","template":"","meta":{"_themeisle_gutenberg_block_has_review":false,"footnotes":""},"tags":[],"yoast_head":"<!-- This site is optimized with the Yoast SEO plugin v21.1 - https:\/\/yoast.com\/wordpress\/plugins\/seo\/ -->\n<title>C\u00f3digos -<\/title>\n<meta name=\"robots\" content=\"index, follow, max-snippet:-1, max-image-preview:large, max-video-preview:-1\" \/>\n<link rel=\"canonical\" href=\"https:\/\/sinticaba.pt\/index.php\/codigos\/\" \/>\n<meta property=\"og:locale\" content=\"pt_PT\" \/>\n<meta property=\"og:type\" content=\"article\" \/>\n<meta property=\"og:title\" content=\"C\u00f3digos -\" \/>\n<meta property=\"og:description\" content=\"C\u00f3digo de trabalhohttps:\/\/diariodarepublica.pt\/dr\/legislacao-consolidada\/lei\/2009-34546475 C\u00f3digo Civilhttps:\/\/diariodarepublica.pt\/dr\/legislacao-consolidada\/decreto-lei\/1966-34509075 C\u00f3digo Penalhttps:\/\/diariodarepublica.pt\/dr\/legislacao-consolidada\/decreto-lei\/1995-34437675 C\u00f3digo da Estradahttps:\/\/diariodarepublica.pt\/dr\/legislacao-consolidada\/lei\/2013-116041830\" \/>\n<meta property=\"og:url\" content=\"https:\/\/sinticaba.pt\/index.php\/codigos\/\" \/>\n<meta property=\"article:modified_time\" content=\"2024-01-09T12:17:54+00:00\" \/>\n<meta name=\"twitter:card\" content=\"summary_large_image\" \/>\n<meta name=\"twitter:label1\" content=\"Tempo estimado de leitura\" \/>\n\t<meta name=\"twitter:data1\" content=\"1 minuto\" \/>\n<script type=\"application\/ld+json\" class=\"yoast-schema-graph\">{\"@context\":\"https:\/\/schema.org\",\"@graph\":[{\"@type\":\"WebPage\",\"@id\":\"https:\/\/sinticaba.pt\/index.php\/codigos\/\",\"url\":\"https:\/\/sinticaba.pt\/index.php\/codigos\/\",\"name\":\"C\u00f3digos -\",\"isPartOf\":{\"@id\":\"https:\/\/sinticaba.pt\/#website\"},\"datePublished\":\"2024-01-09T12:17:51+00:00\",\"dateModified\":\"2024-01-09T12:17:54+00:00\",\"breadcrumb\":{\"@id\":\"https:\/\/sinticaba.pt\/index.php\/codigos\/#breadcrumb\"},\"inLanguage\":\"pt-PT\",\"potentialAction\":[{\"@type\":\"ReadAction\",\"target\":[\"https:\/\/sinticaba.pt\/index.php\/codigos\/\"]}]},{\"@type\":\"BreadcrumbList\",\"@id\":\"https:\/\/sinticaba.pt\/index.php\/codigos\/#breadcrumb\",\"itemListElement\":[{\"@type\":\"ListItem\",\"position\":1,\"name\":\"In\u00edcio\",\"item\":\"https:\/\/sinticaba.pt\/\"},{\"@type\":\"ListItem\",\"position\":2,\"name\":\"C\u00f3digos\"}]},{\"@type\":\"WebSite\",\"@id\":\"https:\/\/sinticaba.pt\/#website\",\"url\":\"https:\/\/sinticaba.pt\/\",\"name\":\"\",\"description\":\"Sindicato Nacional dos Trabalhadores da Ind\u00fastria e Com\u00e9rcio de Alimenta\u00e7\u00e3o, Bebidas e Afins\",\"potentialAction\":[{\"@type\":\"SearchAction\",\"target\":{\"@type\":\"EntryPoint\",\"urlTemplate\":\"https:\/\/sinticaba.pt\/?s={search_term_string}\"},\"query-input\":\"required name=search_term_string\"}],\"inLanguage\":\"pt-PT\"}]}<\/script>\n<!-- \/ Yoast SEO plugin. -->","yoast_head_json":{"title":"C\u00f3digos -","robots":{"index":"index","follow":"follow","max-snippet":"max-snippet:-1","max-image-preview":"max-image-preview:large","max-video-preview":"max-video-preview:-1"},"canonical":"https:\/\/sinticaba.pt\/index.php\/codigos\/","og_locale":"pt_PT","og_type":"article","og_title":"C\u00f3digos -","og_description":"C\u00f3digo de trabalhohttps:\/\/diariodarepublica.pt\/dr\/legislacao-consolidada\/lei\/2009-34546475 C\u00f3digo Civilhttps:\/\/diariodarepublica.pt\/dr\/legislacao-consolidada\/decreto-lei\/1966-34509075 C\u00f3digo Penalhttps:\/\/diariodarepublica.pt\/dr\/legislacao-consolidada\/decreto-lei\/1995-34437675 C\u00f3digo da Estradahttps:\/\/diariodarepublica.pt\/dr\/legislacao-consolidada\/lei\/2013-116041830","og_url":"https:\/\/sinticaba.pt\/index.php\/codigos\/","article_modified_time":"2024-01-09T12:17:54+00:00","twitter_card":"summary_large_image","twitter_misc":{"Tempo estimado de leitura":"1 minuto"},"schema":{"@context":"https:\/\/schema.org","@graph":[{"@type":"WebPage","@id":"https:\/\/sinticaba.pt\/index.php\/codigos\/","url":"https:\/\/sinticaba.pt\/index.php\/codigos\/","name":"C\u00f3digos -","isPartOf":{"@id":"https:\/\/sinticaba.pt\/#website"},"datePublished":"2024-01-09T12:17:51+00:00","dateModified":"2024-01-09T12:17:54+00:00","breadcrumb":{"@id":"https:\/\/sinticaba.pt\/index.php\/codigos\/#breadcrumb"},"inLanguage":"pt-PT","potentialAction":[{"@type":"ReadAction","target":["https:\/\/sinticaba.pt\/index.php\/codigos\/"]}]},{"@type":"BreadcrumbList","@id":"https:\/\/sinticaba.pt\/index.php\/codigos\/#breadcrumb","itemListElement":[{"@type":"ListItem","position":1,"name":"In\u00edcio","item":"https:\/\/sinticaba.pt\/"},{"@type":"ListItem","position":2,"name":"C\u00f3digos"}]},{"@type":"WebSite","@id":"https:\/\/sinticaba.pt\/#website","url":"https:\/\/sinticaba.pt\/","name":"","description":"Sindicato Nacional dos Trabalhadores da Ind\u00fastria e Com\u00e9rcio de Alimenta\u00e7\u00e3o, Bebidas e Afins","potentialAction":[{"@type":"SearchAction","target":{"@type":"EntryPoint","urlTemplate":"https:\/\/sinticaba.pt\/?s={search_term_string}"},"query-input":"required name=search_term_string"}],"inLanguage":"pt-PT"}]}},"_links":{"self":[{"href":"https:\/\/sinticaba.pt\/index.php\/wp-json\/wp\/v2\/pages\/23"}],"collection":[{"href":"https:\/\/sinticaba.pt\/index.php\/wp-json\/wp\/v2\/pages"}],"about":[{"href":"https:\/\/sinticaba.pt\/index.php\/wp-json\/wp\/v2\/types\/page"}],"author":[{"embeddable":true,"href":"https:\/\/sinticaba.pt\/index.php\/wp-json\/wp\/v2\/users\/1"}],"replies":[{"embeddable":true,"href":"https:\/\/sinticaba.pt\/index.php\/wp-json\/wp\/v2\/comments?post=23"}],"version-history":[{"count":1,"href":"https:\/\/sinticaba.pt\/index.php\/wp-json\/wp\/v2\/pages\/23\/revisions"}],"predecessor-version":[{"id":24,"href":"https:\/\/sinticaba.pt\/index.php\/wp-json\/wp\/v2\/pages\/23\/revisions\/24"}],"wp:attachment":[{"href":"https:\/\/sinticaba.pt\/index.php\/wp-json\/wp\/v2\/media?parent=23"}],"wp:term":[{"taxonomy":"post_tag","embeddable":true,"href":"https:\/\/sinticaba.pt\/index.php\/wp-json\/wp\/v2\/tags?post=23"}],"curies":[{"name":"wp","href":"https:\/\/api.w.org\/{rel}","templated":true}]}}