{"id":21,"date":"2024-01-09T12:14:40","date_gmt":"2024-01-09T12:14:40","guid":{"rendered":"https:\/\/sinticaba.pt\/?page_id=21"},"modified":"2024-01-09T12:14:43","modified_gmt":"2024-01-09T12:14:43","slug":"socios","status":"publish","type":"page","link":"https:\/\/sinticaba.pt\/index.php\/socios\/","title":{"rendered":"S\u00f3cios"},"content":{"rendered":"\n<p>Como ser socio<\/p>\n\n\n\n<p>Ficha de inscri\u00e7\u00e3o<\/p>\n\n\n\n<p>Direitos e deveres<\/p>\n\n\n\n<p>Fale Connosco<\/p>\n\n\n\n<p>Atualiza\u00e7\u00e3o de dados<\/p>\n","protected":false},"excerpt":{"rendered":"<p>Como ser socio Ficha de inscri\u00e7\u00e3o Direitos e deveres Fale Connosco Atualiza\u00e7\u00e3o de dados<\/p>\n","protected":false},"author":1,"featured_media":0,"parent":0,"menu_order":0,"comment_status":"closed","ping_status":"closed","template":"","meta":{"_themeisle_gutenberg_block_has_review":false,"footnotes":""},"tags":[],"yoast_head":"<!-- This site is optimized with the Yoast SEO plugin v21.1 - https:\/\/yoast.com\/wordpress\/plugins\/seo\/ -->\n<title>S\u00f3cios -<\/title>\n<meta name=\"robots\" content=\"index, follow, max-snippet:-1, max-image-preview:large, max-video-preview:-1\" \/>\n<link rel=\"canonical\" href=\"https:\/\/sinticaba.pt\/index.php\/socios\/\" \/>\n<meta property=\"og:locale\" content=\"pt_PT\" \/>\n<meta property=\"og:type\" content=\"article\" \/>\n<meta property=\"og:title\" content=\"S\u00f3cios -\" \/>\n<meta property=\"og:description\" content=\"Como ser socio Ficha de inscri\u00e7\u00e3o Direitos e deveres Fale Connosco Atualiza\u00e7\u00e3o de dados\" \/>\n<meta property=\"og:url\" content=\"https:\/\/sinticaba.pt\/index.php\/socios\/\" \/>\n<meta property=\"article:modified_time\" content=\"2024-01-09T12:14:43+00:00\" \/>\n<meta name=\"twitter:card\" content=\"summary_large_image\" \/>\n<meta name=\"twitter:label1\" content=\"Tempo estimado de leitura\" \/>\n\t<meta name=\"twitter:data1\" content=\"1 minuto\" \/>\n<script type=\"application\/ld+json\" class=\"yoast-schema-graph\">{\"@context\":\"https:\/\/schema.org\",\"@graph\":[{\"@type\":\"WebPage\",\"@id\":\"https:\/\/sinticaba.pt\/index.php\/socios\/\",\"url\":\"https:\/\/sinticaba.pt\/index.php\/socios\/\",\"name\":\"S\u00f3cios -\",\"isPartOf\":{\"@id\":\"https:\/\/sinticaba.pt\/#website\"},\"datePublished\":\"2024-01-09T12:14:40+00:00\",\"dateModified\":\"2024-01-09T12:14:43+00:00\",\"breadcrumb\":{\"@id\":\"https:\/\/sinticaba.pt\/index.php\/socios\/#breadcrumb\"},\"inLanguage\":\"pt-PT\",\"potentialAction\":[{\"@type\":\"ReadAction\",\"target\":[\"https:\/\/sinticaba.pt\/index.php\/socios\/\"]}]},{\"@type\":\"BreadcrumbList\",\"@id\":\"https:\/\/sinticaba.pt\/index.php\/socios\/#breadcrumb\",\"itemListElement\":[{\"@type\":\"ListItem\",\"position\":1,\"name\":\"In\u00edcio\",\"item\":\"https:\/\/sinticaba.pt\/\"},{\"@type\":\"ListItem\",\"position\":2,\"name\":\"S\u00f3cios\"}]},{\"@type\":\"WebSite\",\"@id\":\"https:\/\/sinticaba.pt\/#website\",\"url\":\"https:\/\/sinticaba.pt\/\",\"name\":\"\",\"description\":\"Sindicato Nacional dos Trabalhadores da Ind\u00fastria e Com\u00e9rcio de Alimenta\u00e7\u00e3o, Bebidas e Afins\",\"potentialAction\":[{\"@type\":\"SearchAction\",\"target\":{\"@type\":\"EntryPoint\",\"urlTemplate\":\"https:\/\/sinticaba.pt\/?s={search_term_string}\"},\"query-input\":\"required name=search_term_string\"}],\"inLanguage\":\"pt-PT\"}]}<\/script>\n<!-- \/ Yoast SEO plugin. -->","yoast_head_json":{"title":"S\u00f3cios -","robots":{"index":"index","follow":"follow","max-snippet":"max-snippet:-1","max-image-preview":"max-image-preview:large","max-video-preview":"max-video-preview:-1"},"canonical":"https:\/\/sinticaba.pt\/index.php\/socios\/","og_locale":"pt_PT","og_type":"article","og_title":"S\u00f3cios -","og_description":"Como ser socio Ficha de inscri\u00e7\u00e3o Direitos e deveres Fale Connosco Atualiza\u00e7\u00e3o de dados","og_url":"https:\/\/sinticaba.pt\/index.php\/socios\/","article_modified_time":"2024-01-09T12:14:43+00:00","twitter_card":"summary_large_image","twitter_misc":{"Tempo estimado de leitura":"1 minuto"},"schema":{"@context":"https:\/\/schema.org","@graph":[{"@type":"WebPage","@id":"https:\/\/sinticaba.pt\/index.php\/socios\/","url":"https:\/\/sinticaba.pt\/index.php\/socios\/","name":"S\u00f3cios -","isPartOf":{"@id":"https:\/\/sinticaba.pt\/#website"},"datePublished":"2024-01-09T12:14:40+00:00","dateModified":"2024-01-09T12:14:43+00:00","breadcrumb":{"@id":"https:\/\/sinticaba.pt\/index.php\/socios\/#breadcrumb"},"inLanguage":"pt-PT","potentialAction":[{"@type":"ReadAction","target":["https:\/\/sinticaba.pt\/index.php\/socios\/"]}]},{"@type":"BreadcrumbList","@id":"https:\/\/sinticaba.pt\/index.php\/socios\/#breadcrumb","itemListElement":[{"@type":"ListItem","position":1,"name":"In\u00edcio","item":"https:\/\/sinticaba.pt\/"},{"@type":"ListItem","position":2,"name":"S\u00f3cios"}]},{"@type":"WebSite","@id":"https:\/\/sinticaba.pt\/#website","url":"https:\/\/sinticaba.pt\/","name":"","description":"Sindicato Nacional dos Trabalhadores da Ind\u00fastria e Com\u00e9rcio de Alimenta\u00e7\u00e3o, Bebidas e Afins","potentialAction":[{"@type":"SearchAction","target":{"@type":"EntryPoint","urlTemplate":"https:\/\/sinticaba.pt\/?s={search_term_string}"},"query-input":"required name=search_term_string"}],"inLanguage":"pt-PT"}]}},"_links":{"self":[{"href":"https:\/\/sinticaba.pt\/index.php\/wp-json\/wp\/v2\/pages\/21"}],"collection":[{"href":"https:\/\/sinticaba.pt\/index.php\/wp-json\/wp\/v2\/pages"}],"about":[{"href":"https:\/\/sinticaba.pt\/index.php\/wp-json\/wp\/v2\/types\/page"}],"author":[{"embeddable":true,"href":"https:\/\/sinticaba.pt\/index.php\/wp-json\/wp\/v2\/users\/1"}],"replies":[{"embeddable":true,"href":"https:\/\/sinticaba.pt\/index.php\/wp-json\/wp\/v2\/comments?post=21"}],"version-history":[{"count":1,"href":"https:\/\/sinticaba.pt\/index.php\/wp-json\/wp\/v2\/pages\/21\/revisions"}],"predecessor-version":[{"id":22,"href":"https:\/\/sinticaba.pt\/index.php\/wp-json\/wp\/v2\/pages\/21\/revisions\/22"}],"wp:attachment":[{"href":"https:\/\/sinticaba.pt\/index.php\/wp-json\/wp\/v2\/media?parent=21"}],"wp:term":[{"taxonomy":"post_tag","embeddable":true,"href":"https:\/\/sinticaba.pt\/index.php\/wp-json\/wp\/v2\/tags?post=21"}],"curies":[{"name":"wp","href":"https:\/\/api.w.org\/{rel}","templated":true}]}}